?
False
Is 96753 a multiple of 5?
False
Does 10 divide 36850?
True
Is 23 a factor of 608119?
False
Does 142 divide 744836?
False
Is 13457373 a multiple of 1404?
False
Does 56 divide 391104?
True
Does 18 divide 7619058?
True
Does 131 divide 51745?
True
Is 56 a factor of 221592?
True
Is 329 a factor of 1186977?
False
Does 249 divide 248359?
False
Does 14 divide 2954?
True
Is 3 a factor of 48380?
False
Is 1727153 a multiple of 152?
False
Is 386 a factor of 2531002?
True
Is 220071 a multiple of 82?
False
Does 111 divide 964257?
True
Is 5425086 a multiple of 7?
False
Does 4 divide 171131?
False
Does 142 divide 75948?
False
Does 11 divide 6779?
False
Does 447 divide 355365?
True
Is 23 a factor of 429499?
False
Is 16 a factor of 322146?
False
Is 5218 a multiple of 64?
False
Is 171399 a multiple of 57?
True
Does 542 divide 1476802?
False
Is 195 a factor of 633165?
True
Does 41 divide 1530086?
False
Is 116 a factor of 48256?
True
Is 8 a factor of 241349?
False
Is 11 a factor of 4249863?
False
Is 127 a factor of 127?
True
Does 6 divide 4890447?
False
Does 103 divide 4595654?
True
Does 172 divide 1387383?
False
Does 10 divide 97690?
True
Is 4043 a multiple of 13?
True
Is 1456582 a multiple of 28?
False
Is 4 a factor of 128428?
True
Does 6 divide 62862?
True
Is 97639 a multiple of 47?
False
Is 424 a factor of 5886047?
False
Does 3 divide 165512?
False
Is 5951803 a multiple of 72?
False
Does 21 divide 91560?
True
Is 1476249 a multiple of 680?
False
Is 12 a factor of 684204?
True
Does 8 divide 16150?
False
Is 13602568 a multiple of 59?
True
Is 135 a factor of 14829?
False
Is 3298474 a multiple of 140?
False
Is 6478580 a multiple of 12?
False
Is 168 a factor of 2378190?
False
Is 72774 a multiple of 25?
False
Is 83 a factor of 1075110?
False
Is 309 a factor of 924644?
False
Is 361 a factor of 2848209?
False
Does 55 divide 25682?
False
Is 77 a factor of 109986?
False
Is 6537880 a multiple of 40?
True
Does 26 divide 34723?
False
Is 10 a factor of 339890?
True
Does 592 divide 4209120?
True
Is 8 a factor of 52928?
True
Does 143 divide 1622621?
True
Does 103 divide 4641571?
False
Is 8 a factor of 134759?
False
Does 8 divide 232993?
False
Does 236 divide 312240?
False
Does 20 divide 2609770?
False
Does 9 divide 438893?
False
Is 39776 a multiple of 4?
True
Does 91 divide 21870940?
True
Does 44 divide 208830?
False
Does 24 divide 524832?
True
Is 121856 a multiple of 23?
False
Does 153 divide 3278484?
True
Is 37 a factor of 7640759?
True
Is 46 a factor of 17976?
False
Does 2 divide 773?
False
Is 20 a factor of 577224?
False
Does 14 divide 587355?
False
Does 4 divide 557690?
False
Is 223 a factor of 1390551?
False
Does 12 divide 4843370?
False
Is 15 a factor of 401685?
True
Does 730 divide 10493750?
True
Is 5 a factor of 91200?
True
Does 78 divide 1567800?
True
Is 28 a factor of 1310960?
True
Is 69 a factor of 52677?
False
Is 50 a factor of 1904450?
True
Is 28342 a multiple of 37?
True
Is 95338 a multiple of 146?
True
Does 185 divide 1518?
False
Is 26 a factor of 4975174?
False
Is 1146256 a multiple of 16?
True
Is 111 a factor of 21981885?
True
Is 16543570 a multiple of 136?
False
Does 7 divide 32396?
True
Is 22 a factor of 30426330?
True
Is 34 a factor of 117062?
True
Is 250 a factor of 224000?
True
Is 13 a factor of 555724?
True
Is 1150487 a multiple of 2?
False
Is 133 a factor of 8703919?
True
Is 3321 a multiple of 81?
True
Is 411939 a multiple of 45?
False
Is 795058 a multiple of 62?
False
Is 138005 a multiple of 9?
False
Is 20 a factor of 3915640?
True
Is 11 a factor of 77836?
True
Does 13 divide 59552?
False
Is 191 a factor of 1873602?
False
Does 7 divide 39193?
True
Is 213990 a multiple of 30?
True
Is 121 a factor of 7623484?
True
Does 1253 divide 21248404?
False
Is 3 a factor of 82160?
False
Is 67974 a multiple of 50?
False
Is 899883 a multiple of 289?
False
Is 22 a factor of 4752?
True
Does 2 divide 2284416?
True
Does 4 divide 22567?
False
Does 11 divide 465575?
True
Does 79 divide 121556?
False
Does 15 divide 2112600?
True
Is 25 a factor of 1375980?
False
Is 12 a factor of 585173?
False
Does 348 divide 421776?
True
Is 724 a factor of 920204?
True
Is 29587012 a multiple of 372?
False
Is 797533 a multiple of 15?
False
Is 594 a factor of 6975117?
False
Is 2789772 a multiple of 38?
False
Is 25 a factor of 2633500?
True
Is 103905 a multiple of 379?
False
Is 141 a factor of 385494?
True
Is 78 a factor of 317886?
False
Is 98 a factor of 264012?
True
Is 244259 a multiple of 837?
False
Is 119670 a multiple of 4?
False
Does 176 divide 186560?
True
Is 1174147 a multiple of 86?
False
Does 365 divide 1623155?
True
Is 187 a factor of 1824372?
True
Is 118 a factor of 614432?
False
Is 111155 a multiple of 43?
True
Is 193730 a multiple of 41?
False
Is 53901 a multiple of 53?
True
Is 151 a factor of 465634?
False
Is 244750 a multiple of 3?
False
Is 692256 a multiple of 48?
True
Is 78323 a multiple of 67?
True
Is 2828466 a multiple of 328?
False
Does 12 divide 602443?
False
Does 272 divide 1466897?
False
Is 9 a factor of 39901?
False
Is 20 a factor of 1085201?
False
Is 704784 a multiple of 24?
True
Is 6441162 a multiple of 251?
True
Is 1589 a factor of 28891198?
True
Is 1372734 a multiple of 297?
True
Is 1469082 a multiple of 58?
True
Does 15 divide 252615?
True
Does 24 divide 128088?
True
Does 23 divide 423338?
True
Does 29 divide 59260?
False
Is 68 a factor of 175283?
False
Is 1983848 a multiple of 73?
True
Is 151862 a multiple of 26?
False
Is 9 a factor of 72288?
True
Is 19 a factor of 15658432?
True
Does 129 divide 851796?
False
Is 74 a factor of 145917?
False
Is 970422 a multiple of 821?
True
Is 249256 a multiple of 491?
False
Does 36 divide 192549?
False
Is 55 a factor of 1892415?
False
Is 346329 a multiple of 27?
True
Does 39 divide 104598?
True
Does 50 divide 2780100?
True
Is 3853800 a multiple of 180?
True
Is 238 a factor of 801108?
True
Does 55 divide 126732?
False
Is 7492864 a multiple of 256?
True
Does 18 divide 3616740?
True
Is 125 a factor of 2927532?
False
Is 11 a factor of 315196?
False
Is 347779 a multiple of 20?
False
Is 40 a factor of 35634?
False
Is 36032 a multiple of 84?
False
Is 98393 a multiple of 106?
False
Is 5749189 a multiple of 7?
False
Is 18 a factor of 45324?
True
Is 9089216 a multiple of 21?
False
Does 850 divide 655739?
False
Is 267 a factor of 444555?
True
Is 14 a factor of 51577772?
False
Does 8 divide 61800?
True
Is 557206 a multiple of 13?
True
Is 152 a factor of 190920?
False
Is 150 a factor of 108990?
False
Is 40430 a multiple of 107?
False
Is 26 a factor of 1219391?
False
Does 237 divide 357396?
True
Does 81 divide 8210952?
False
Is 17 a factor of 137054?
True
Does 6 divide 244038?
True
Does 1249 divide 353691?
False
Is 3553518 a multiple of 433?
False
Is 134405 a multiple of 102?
False
Is 578507 a multiple of 145?
False
Is 9 a factor of 1390323?
False
Is 5635427 a multiple of 819?
False
Does 26 divide 43634?
False
Is 804 a multiple of 6?
True
Is 5 a factor of 387484?
False
Is 38880 a multiple of 96?
True
Does 500 divide 3995846?
False
Is 32747 a multiple of 132?
False
Is 5150400 a multiple of 29?
True
Is 302 a factor of 665723?
False
Is 55 a factor of 3024859?
False
Is 11435 a multiple of 8?
False
Is 14 a factor of 29083?
False
Is 3381196 a multiple of 2?
True
Is 1290926 a multiple of 346?
True
Is 162 a factor of 8848296?
False
Does 12 divide 142464?
True
Is 4557770 a multiple of 35?
True
Is 313 a factor of 119959?
False
Does 17 divide 6982925?
False
Is 8531912 a multiple of 137?
False
Is 15003 a multiple of 30?
False
Is 212 a factor of 97944?
True
Is 54 a factor of 2188998?
True
Is 18 a factor of 5989914?
True
Is 225063 a multiple of 10?
False
Is 1661264 a multiple of 11?
True
Is 20 a factor of 109220?
True
Is 213 a factor of 1477794?
True
Is 59 a factor of 65313?
True
Is 128912 a multiple of 25?
False
Is 8281216 a multiple of 137?
False
Is 16 a factor of 353503?
False
Is 1397472 a multiple of 147?
False
Is 20336 a multiple of 10?
False
Is 235053 a multiple of 273?
True
Is 331450 a multiple of 50?
True
Is 392176 a multiple of 508?
True
Is 1000 a factor of 2948438?
False
Is 125 a factor of 329875?
True
Is 60 a factor of 214020?
True
Is 85 a factor of 287543?
False
Is 2137968 a multiple of 303?
True
Is 22 a factor of 354134?
True
Doe